733298 (base 10) to base 16.
-b3072
Convert 14a14b (base 12) to base 4.
1111101023
Convert -124404241 (base 5) to base 12.
-260266
451594 (base 10) to base 14
ba80a
-11000110010001010100 (base 2) to base 4
-3012101110
Convert e2c023 (base 16) to base 10.
14860323
-11178c3 (base 14) to base 7
-126035033
Convert 22b34c (base 15) to base 9.
3106150
What is -2406b3a (base 13) in base 11?
-6329091
Convert -52026 (base 16) to base 4.
-1102000212
What is -a61b4a (base 12) in base 7?
-31144063
Convert -2220112 (base 6) to base 16.
-1b38c
What is 2001220231 (base 4) in base 6?
15214141
What is 3106a (base 14) in base 16?
1cd46
Convert -120021030113 (base 4) to base 12.
-215281b
275456 (base 10) to base 5
32303311
-16a9759 (base 13) to base 5
-3341024312
Convert 143251 (base 10) to base 5.
14041001
637468 (base 10) to base 4
2123220130
What is 1c008b (base 14) in base 16?
f3e1b
Convert -23d0 (base 15) to base 16.
-1dc4
Convert 21011211201100 (base 3) to base 13.
a37829
Convert 100201200010 (base 3) to base 15.
3bb0c
What is -22110020112 (base 3) in base 2?
-101000100111110100
123102101333 (base 4) to base 13
163590b
What is 2232643 (base 7) in base 13?
991a5
-162510452 (base 7) to base 14
-1670d62
-331918 (base 13) to base 16
-125c65
What is 696a3 (base 12) in base 4?
202122123
Convert 1147588 (base 9) to base 13.
18a34c
aec3c8 (base 16) to base 8
53541710
21001012200112 (base 3) to base 2
1110010010000010101011
-113277 (base 10) to base 2
-11011101001111101
Convert 1036745 (base 8) to base 10.
277989
What is 21122212002 (base 3) in base 14?
3cd53
-24310113 (base 5) to base 12
-b0493
Convert 5065064 (base 9) to base 2.
1010010011001111110010
What is 16376908 (base 10) in base 3?
1010211000220011
Convert 23460 (base 11) to base 9.
51353
1212595 (base 15) to base 5
11304434030
What is c01d4c (base 14) in base 15?
878cb8
21201331223 (base 4) to base 11
1457103
What is -2262146 (base 7) in base 2?
-1000101010110110111
Convert -101004443 (base 5) to base 9.
-680111
What is 7360110 (base 10) in base 12?
256b3a6
Convert -61362206 (base 7) to base 4.
-103203012230
-1300013414 (base 5) to base 7
-35400010
What is 101022000002 (base 3) in base 9?
338002
Convert -44921b (base 13) to base 15.
-21ed01
Convert -4666da (base 14) to base 3.
-11111220122222
-210055 (base 8) to base 9
-115518
-1005290 (base 12) to base 8
-13331514
What is 61415315 (base 7) in base 16?
4e48aa
208286 (base 11) to base 16
5151e
What is 1001101000011100001000 (base 2) in base 9?
4667504
What is -12244322 (base 5) in base 6?
-2313332
174bd2 (base 14) to base 4
3020031110
Convert -14155066 (base 8) to base 13.
-881342
300605 (base 8) to base 12
49145
What is 1534b7 (base 15) in base 16?
f9ed1
5046722 (base 8) to base 13
377881
Convert -1100101100001010 (base 2) to base 4.
-30230022
What is 1588001 (base 9) in base 14?
19074b
-4717744 (base 9) to base 7
-30454264
What is -232003233 (base 4) in base 2?
-101110000011101111
What is 5e70a0 (base 16) in base 2?
10111100111000010100000
Convert -391c4 (base 13) to base 11.
-72529
What is 1505 (base 10) in base 15?
6a5
b958 (base 13) to base 15
7976
6492868 (base 10) to base 8
30611304
1101100111101000001 (base 2) to base 5
103240043
What is -14562555 (base 7) in base 4?
-11110032033
1056286 (base 9) to base 4
2022320130
Convert -2ceb9 (base 15) to base 9.
-241003
What is -1842ac (base 13) in base 2?
-10010100101100011001
-101101001011010011100001 (base 2) to base 9
-24250220
Convert 2135d1 (base 15) to base 9.
2868427
What is 2d77c1 (base 15) in base 4?
20121222100
What is 774553 (base 8) in base 6?
5325455
Convert -25238882 (base 9) to base 2.
-101111001011011001110110
Convert -600a75 (base 11) to base 3.
-1211011021222
Convert 3647b75 (base 12) to base 3.
201211212122222
What is -296090 (base 11) in base 9?
-773614
1e0407 (base 16) to base 11
1123a13
What is 3987713 (base 10) in base 9?
7447102
-21b4a92 (base 14) to base 10
-16032536
What is 6554275 (base 8) in base 2?
110101101100010111101
What is -10214323 (base 5) in base 7?
-504346
What is -29315 (base 13) in base 3?
-10221012102
What is 15b304 (base 12) in base 8?
1326364
What is 5213411 (base 6) in base 5?
31012202
Convert -120311000 (base 4) to base 13.
-3739a
1aa51 (base 11) to base 8
71041
7197095 (base 10) to base 2
11011011101000110100111
-42030302 (base 5) to base 13
-c1476
211000100211210 (base 3) to base 7
201303342
-11131022 (base 5) to base 11
-68328
-20101330111 (base 4) to base 12
-8881b1
What is -244655 (base 15) in base 13?
-48a334
Convert 3013010201 (base 4) to base 7.
6634145
Convert -3226183 (base 10) to base 8.
-14235107
What is 349655 (base 15) in base 13?
69c75b
10002011122 (base 3) to base 6
1144412
250415 (base 9) to base 3
21200110112
What is 4853b6 (base 12) in base 3?
2012110112010
What is 45cb3b (base 13) in base 15?
22ab1a
-882bc (base 16) to base 7
-4512053
Convert 357c04 (base 14) to base 5.
431431431
Convert -1f8bfe (base 16) to base 9.
-3801011
What is -312121112 (base 4) in base 5?
-24112211
Convert 31312131002 (base 4) to base 2.
1101110110011101000010
What is 2100100021100 (base 3) in base 6?
42420100
What is -30401467 (base 8) in base 15?
-86d336
-211013114 (base 5) to base 9
-1574621
Convert -100010110001101110001 (base 2) to base 6.
-40231441
100010110001110101 (base 2) to base 3
21020102001
What is -21415521 (base 6) in base 11?
-3a7aa1
-d89e0 (base 16) to base 4
-3120213200
Convert 1011110132 (base 5) to base 6.
111541455
Convert 67d2a (base 15) to base 5.
41032330
Convert 8276832 (base 10) to base 12.
2931a00
What is 1880802 (base 10) in base 16?
1cb2e2
132211004 (base 7) to base 15
b30945
What is -13152341 (base 7) in base 3?
-2021021112202
Convert -11110110100100010000 (base 2) to base 12.
-408554
Convert 128211 (base 11) to base 6.
4151351
What is 3443450 (base 6) in base 12?
86586
What is -4040745 (base 8) in base 5?
-233043240
Convert 7756474 (base 9) to base 3.
21211220112111
What is -aa9a5 (base 15) in base 7?
-4415462
What is -503122 (base 7) in base 11?
-58a60
What is -2504a32 (base 12) in base 7?
-115256510
Convert 166342245 (base 7) to base 13.
24b9049
What is -32642571 (base 8) in base 14?
-d10009
Convert 112120012212 (base 3) to base 13.
a0625
3359364 (base 10) to base 6
200000340
What is 25244502 (base 6) in base 3?
1112101212202
-352125 (base 8) to base 12
-59471
Convert -93cce (base 15) to base 16.
-726a4
What is -68f10 (base 16) in base 13?
-120858
-72353 (base 10) to base 4
-101222201
Convert -33431736 (base 8) to base 10.
-7222238
Convert 5511552 (base 6) to base 15.
5623e
101113012 (base 4) to base 9
117481
What is 68391 (base 12) in base 10?
138781
-382b05 (base 15) to base 6
-133412335
What is 3b98 (base 14) in base 6?
120414
804a9 (base 13) to base 11
147308
What is 38821 (base 10) in base 15?
b781
Convert 1101100011010 (base 2) to base 8.
15432
Convert -100210111 (base 4) to base 9.
-113071
1c77a (base 13) to base 14
166ad
What is 4ab68 (base 14) in base 3?
100022111211
Convert 525014 (base 9) to base 3.
120212000111
What is 1010012401 (base 5) in base 10?
2032226
What is 1221110201021 (base 3) in base 5?
231022114
-102052200 (base 6) to base 8
-6624310
Convert -12b91 (base 12) to base 14.
-960d
What is -2083200 (base 12) in base 13?
-1371309
143a97a (base 11) to base 9
4580832
What is 3477327 (base 8) in base 16?
e7ed7
Convert -11100011001 (base 3) to base 6.
-1455214
What is -122656 (base 9) in base 11?
-507a4
What is -11823460 (base 9) in base 10?
-5802489
1122002001122 (base 3) to base 13
244b5c
What is 4a712c (base 13) in base 3?
10100202102210
What is 9076a (base 16) in base 15?
ba4d2
What is 27a563 (base 11) in base 5?
103013243
335237 (base 9) to base 16
30fdf
What is -14156252 (base 7) in base 10?
-1325144
Convert -2bfb9 (base 16) to base 6.
-3510013
Convert -2336476 (base 8) to base 2.
-10011011110100111110
Convert 5405450 (base 6) to base 5.
32000023
What is 2111020010 (base 3) in base 16?
bf70
Convert 38645 (base 11) to base 12.
28042
What is -437765 (base 11) in base 7?
-5636020
-100232630 (base 7) to base 13
-1283c90
Convert 16978 (base 13) to base 3.
2012111001
Convert 8708c8 (base 16) to base 3.
121122121101021
Convert 144344230 (base 5) to base 14.
1637a1
What is 1220202121021 (base 3) in base 7?
11442262
Con